(z) = -2410*z - 2408. Calculate o(-1).
2
Let z(g) = 2*g**2 - 2*g - 485. Give z(20).
275
Let b(u) = -u**2 + 42*u + 802. What is b(56)?
18
Let j(i) = -7*i**3 + 44*i**2 + 17*i - 26. Give j(6).
148
Let n(c) = -992*c**2 + 9916*c + 24. Calculate n(10).
-16
Let h(m) = 36*m - 67. What is h(0)?
-67
Let c(u) = -98*u + 152. Give c(2).
-44
Let f(z) = -33*z**2 - 1023*z + 2. Give f(-31).
2
Let f(d) = d**2 - 11*d - 1084. Give f(-28).
8
Let k(o) = 6*o**2 + 11*o + 30. What is k(-5)?
125
Let x(c) = -c**3 - 19*c**2 - 69*c + 6. What is x(-14)?
-8
Let i(a) = -a**2 - 133*a + 8471. Calculate i(-180).
11
Let u(h) = h**2 + 66*h - 251. What is u(12)?
685
Let n(z) = 60*z**2 - 3428*z + 467. Give n(57).
11
Let c(a) = -a**2 + 6*a - 12. Calculate c(4).
-4
Let v(a) = 2*a**2 - 11*a + 64. Determine v(9).
127
Let m(v) = 32*v**3 + 330*v**2 + 92*v - 2. Give m(-10).
78
Let t(n) = 7*n**3 - 1497*n**2 - 202*n - 2574. Give t(214).
-6
Let p(h) = -3*h**2 - 424*h + 2025. Calculate p(-146).
-19
Let h(b) = b**3 - 5*b**2 - 62*b + 336. Determine h(6).
0
Let g(t) = t**2 - 44*t - 1275. Determine g(64).
5
Let i(d) = 15*d**3 - 4*d + 7. What is i(2)?
119
Let n(m) = -3*m**3 + 481*m**2 + 295*m + 4350. What is n(161)?
3
Let m(f) = 3*f**2 - 25*f + 48. What is m(2)?
10
Let g(r) = 4*r**2 + 9*r + 55. What is g(13)?
848
Let u(n) = -23*n**2 - 15*n + 5. Give u(-3).
-157
Let p(i) = i**2 - 46*i - 3179. Calculate p(84).
13
Let l(s) = -s**3 - 25*s**2 - 703*s - 17573. Determine l(-25).
2
Let v(k) = 19*k - 126. Calculate v(2).
-88
Let q(u) = -u**3 + 26*u**2 - 482*u + 4385. What is q(14)?
-11
Let o(j) = 5*j - 557. Calculate o(116).
23
Let c(i) = i**2 + 30*i - 41. Give c(-27).
-122
Let v(p) = 21*p + 105. Give v(-4).
21
Let c(r) = 29*r - 144. Determine c(15).
291
Let h(y) = y**3 - 51*y**2 + 224*y - 1674. Calculate h(47).
18
Let r(n) = n**2 + 17*n - 1341. What is r(-48)?
147
Let j(t) = -t**2 - 26*t - 26. Calculate j(-19).
107
Let f(a) = 2*a**2 - 4*a - 625. Give f(18).
-49
Let z(j) = -j**2 + 41*j - 142. What is z(4)?
6
Let q(c) = -6*c**3 + 2*c**2 - 2*c - 6. Give q(-4).
418
Let a(i) = -6*i + 71. Give a(13).
-7
Let g(p) = -11*p**3 + 205*p**2 + 206*p + 2. Give g(-1).
12
Let f(q) = 610*q + 1204. What is f(-2)?
-16
Let s(i) = 24218*i + 96871. Give s(-4).
-1
Let s(l) = l**3 - 6*l**2 - 30*l + 118. Determine s(4).
-34
Let v(l) = 4*l**2 - 68*l - 38. What is v(22)?
402
Let a(c) = c**2 - 123*c + 152. Determine a(120).
-208
Let b(y) = 2*y**2 - 209*y + 2381. What is b(13)?
2
Let h(t) = 62*t - 172. Give h(5).
138
Let r(b) = b**2 + 30*b - 918. Determine r(-51).
153
Let v(w) = -3127*w + 56284. What is v(18)?
-2
Let o(j) = j**2 + 37*j + 116. Calculate o(-32).
-44
Let f(w) = 108*w**2 + w - 6. Give f(-1).
101
Let p(z) = z**3 + 17*z**2 + 19*z - 26. Determine p(-16).
-74
Let m(p) = -70*p + 1499. Determine m(17).
309
Let c(b) = -2*b + 7. Determine c(-1).
9
Let q(m) = -m**2 + 80*m - 1429. Calculate q(53).
2
Let y(v) = 40*v**2 + 167*v + 22. Give y(-4).
-6
Let o(i) = -217*i - 4328. Give o(-20).
12
Let c(v) = 25*v**2 - 162*v + 21. Determine c(8).
325
Let o(z) = -z**2 + 108*z - 814. Determine o(8).
-14
Let g(q) = 4*q**3 + 283*q**2 - 346*q + 997. Give g(-72).
-11
Let c(u) = 3*u**2 - 238*u + 1091. Calculate c(5).
-24
Let o(g) = -473*g + 168879. Calculate o(357).
18
Let n(h) = -2*h**2 + 108*h - 124. What is n(55)?
-234
Let l(r) = r**2 - 112*r - 1436. Determine l(-12).
52
Let t(o) = -o**3 - 18*o**2 - 63*o + 17. Calculate t(-5).
7
Let f(y) = 4*y**3 + 9*y**2 + 19*y + 9. Give f(-2).
-25
Let l(t) = -t**2 + 56*t - 617. Determine l(31).
158
Let c(r) = -4*r**2 + 24. Calculate c(0).
24
Let w(i) = 2*i**2 - 52*i - 231. Give w(30).
9
Let f(l) = -3*l - 46. Determine f(-13).
-7
Let a(t) = t**3 - 40*t - 47. Calculate a(8).
145
Let m(x) = 3*x**2 + 52*x + 135. Give m(-13).
-34
Let x(o) = -2*o**3 + 18*o**2 - 105*o + 984. Give x(9).
39
Let h(d) = d**3 - 24*d**2 - 24*d + 1005. What is h(23)?
-76
Let i(x) = 125*x + 319. What is i(4)?
819
Let o(y) = 3*y**3 - 3*y**2 + 10*y - 4. Determine o(5).
346
Let q(r) = -18*r + 148. Give q(9).
-14
Let d(g) = 2*g**2 + 16*g - 8. Determine d(-8).
-8
Let r(v) = v**3 - 21*v**2 + 36*v + 19. Calculate r(19).
-19
Let f(q) = -2*q**2 - 16*q + 16. Give f(-11).
-50
Let u(w) = w**2 - 32*w - 273. Give u(40).
47
Let w(f) = 3*f**3 - 8*f**2 - 65*f - 62. Give w(-3).
-20
Let s(j) = -j**3 - 11*j**2 + 283*j + 3277. Calculate s(-12).
25
Let x(i) = -3*i**3 + 183*i**2 - 521*i - 67. Give x(58).
-9
Let z(n) = 35*n + 349. Give z(-11).
-36
Let c(n) = n**3 - 22*n**2 + 333*n - 6566. Determine c(21).
-14
Let f(t) = -t**2 + 586*t + 1174. Give f(-2).
-2
Let q(u) = u**2 - 116*u + 3237. Determine q(69).
-6
Let s(z) = -2*z**3 + 2*z - 80. What is s(0)?
-80
Let g(c) = -37*c**2 + 487*c - 868. Determine g(11).
12
Let o(d) = d**3 - 25*d**2 + 16*d + 145. What is o(25)?
545
Let w(t) = -7*t**3 - 44*t**2 - 26*t + 19. Give w(-1).
8
Let l(v) = -v**2 - 34*v + 1157. Give l(-55).
2
Let r(t) = -49*t - 1905. Determine r(-39).
6
Let j(p) = p**3 + p**2 + p + 8. Give j(-2).
2
Let i(s) = -s**3 - 140*s**2 - 1065*s - 1159. Calculate i(-132).
29
Let p(t) = -2*t**3 - 18*t**2 + 34*t + 231. What is p(-9)?
-75
Let s(u) = 69*u + 466. What is s(-6)?
52
Let v(u) = -114*u**2 + 1242*u - 14. What is v(11)?
-146
Let z(l) = 2*l**3 - 10*l**2 + 77*l + 17. What is z(7)?
752
Let g(m) = -12*m**2 - 157*m - 274. Determine g(-11).
1
Let g(b) = -b**2 - 20*b + 70. Calculate g(-19).
89
Let r(q) = 8*q**2 + 106*q - 3. Determine r(4).
549
Let b(r) = -r**3 + 3*r**2 + 11*r - 2. Calculate b(5).
3
Let y(f) = f**3 - 151*f**2 + 315*f - 2528. Give y(149).
5
Let r(j) = j**2 - 49*j + 333. Give r(10).
-57
Let x(t) = -t**3 - 30*t**2 - 35*t - 23. Give x(-29).
151
Let b(n) = -9*n**2 - 1740*n - 615. Calculate b(-193).
-36
Let b(s) = -716*s - 3232. Determine b(-4).
-368
Let b(w) = w**2 + 63*w - 295. Determine b(-67).
-27
Let w(g) = -2*g**2 + 12*g - 14. What is w(10)?
-94
Let d(x) = -2*x**2 + 55*x - 109. What is d(26)?
-31
Let m(y) = -3*y**3 + 179*y**2 + 52*y + 75. Give m(60).
-405
Let g(o) = 29*o - 2593. Calculate g(87).
-70
Let a(k) = -129*k - 1575. Calculate a(-12).
-27
Let o(f) = -28651*f - 28648. Calculate o(-1).
3
Let l(u) = -u**2 + 25*u - 54. Calculate l(11).
100
Let j(x) = x**3 - 8*x**2 + 34*x - 31. Give j(5).
64
Let h(i) = 4*i**3 + 177*i**2 + 43*i - 30. Give h(-44).
14
Let w(m) = -m**2 - 49*m - 488. Give w(-19).
82
Let c(z) = -z**2 - 41*z - 90. Give c(-39).
-12
Let w(k) = 169*k - 10167. Give w(60).
-27
Let p(g) = -44*g**3 - 2*g**2 + 6*g - 5. Calculate p(1).
-45
Let o(t) = 182*t + 85. Give o(-2).
-279
Let d(t) = -25*t + 410. What is d(17)?
-15
Let w(q) = 12*q + 59. What is w(-4)?
11
Let p(f) = -1295*f - 71224. Give p(-55).
1
Let a(m) = m**3 + 20*m**2 - 308*m - 365. Determine a(11).
-2
Let b(z) = -z**3 - 69*z**2 - 201*z - 163. Give b(-66).
35
Let r(g) = g**3 - 10*g**2 + 4*g + 72. Determine r(8).
-24
Let h(w) = -w**3 + 5*w**2 - 85*w + 292. Calculate h(4).
-32
Let x(l) = 216*l + 234. Give x(-1).
18
Let t(a) = -20*a**3 + 5*a**2 - a - 1. Determine t(-1).
25
Let l(t) = -t**3 + 12*t**2 + 119*t + 330. Give l(19).
64
Let h(n) = -3*n**2 - 32*n + 524. Calculate h(8).
76
Let t(a) = 27*a**2 + 630*a - 450. Determine t(-24).
-18
Let j(z) = 2*z**2 + 14*z + 46. Calculate j(-12).
166
Let v(w) = -66*w - 1388. What is v(-21)?
-2
Let g(p) = -62*p**2 - 57*p - 22. Calculate g(-5).
-1287
Let q(m) = 5*m**2 + 130*m + 273. Give q(-24).
33
Let o(q) = -2*q**3 - 72*q**2 + 81*q + 247. Determine o(-37).
-12
Let m(r) = -3*r**3 - 65*r**2 - 102*r - 47. Give m(-20).
-7
Let b(s) = -4*s**3 + 41*s**2 + 33*s - 11. Determine b(11).
-11
Let v(t) = t**2 + 52*t + 536. Calculate v(-37).
-19
Let r(h) = 22*h**3 + 5*h**2 + 8*h + 6. Determine r(-2).
-166
Let v(z) = 275*z - 9727. What is v(36)?
173
Let t(b) = -b**3 - 15*b**2 - 7*b + 106. What is t(-13)?
-141
Let n(j) = -34242*j + 410902. Give n(12).
-2
Let q(g) = 530*g - 20. Give q(-1).
-550
Let z(t) = t**2 + 123*t - 4064. Determine z(27).
-14
Let g(s) = 138*s - 16438. Calculate g(119).
-16
Let k(n) = 874*n + 22737. What is k(-26)?
13
Let r(p) = -89*p**2 + 3026*p + 7. Determine r(34).
7
Let f(c) = -c**3 + 70*c**2 + 152*c - 5750. Calculate f(71).
1
Let p(a) = a**3 + 61*a**2 - 106*a + 1259. What is p(-63)?
-1
Let z(k) = -k**2 + 76*k - 1217. What is z(54)?
-29
Let w(v) = -2*v**2 + 139*v + 1046. What is w(-7)?
-25
Let b